{"id":238,"date":"2022-04-30T13:31:55","date_gmt":"2022-04-30T11:31:55","guid":{"rendered":"https:\/\/www.cac-partners.com\/?page_id=238"},"modified":"2022-05-27T14:11:37","modified_gmt":"2022-05-27T12:11:37","slug":"audit-2","status":"publish","type":"page","link":"https:\/\/www.cac-partners.com\/index.php\/audit-2\/","title":{"rendered":"Audit"},"content":{"rendered":"\n<ul class=\"wp-block-list\"><li>Revue des proc\u00e9dures internes et r\u00e9daction \u00e9ventuelle d\u2019un livre de proc\u00e9dures<\/li><li>Mission de contr\u00f4le interne au sein des diff\u00e9rents services des soci\u00e9t\u00e9s<\/li><li>Audit d\u2019acquisition (due diligence) dans le cadre du rachat d\u2019une entreprise<\/li><li>Audit contractuel pour des besoins internes<\/li><\/ul>\n","protected":false},"excerpt":{"rendered":"<p>Revue des proc\u00e9dures internes et r\u00e9daction \u00e9ventuelle d\u2019un livre de proc\u00e9dures Mission de contr\u00f4le interne au sein des diff\u00e9rents services des soci\u00e9t\u00e9s Audit d\u2019acquisition (due diligence) dans le cadre du rachat d\u2019une entreprise Audit contractuel pour des besoins internes<\/p>\n","protected":false},"author":1,"featured_media":0,"parent":0,"menu_order":0,"comment_status":"closed","ping_status":"closed","template":"","meta":{"footnotes":""},"class_list":["post-238","page","type-page","status-publish","hentry","latest_post"],"_links":{"self":[{"href":"https:\/\/www.cac-partners.com\/index.php\/wp-json\/wp\/v2\/pages\/238","targetHints":{"allow":["GET"]}}],"collection":[{"href":"https:\/\/www.cac-partners.com\/index.php\/wp-json\/wp\/v2\/pages"}],"about":[{"href":"https:\/\/www.cac-partners.com\/index.php\/wp-json\/wp\/v2\/types\/page"}],"author":[{"embeddable":true,"href":"https:\/\/www.cac-partners.com\/index.php\/wp-json\/wp\/v2\/users\/1"}],"replies":[{"embeddable":true,"href":"https:\/\/www.cac-partners.com\/index.php\/wp-json\/wp\/v2\/comments?post=238"}],"version-history":[{"count":2,"href":"https:\/\/www.cac-partners.com\/index.php\/wp-json\/wp\/v2\/pages\/238\/revisions"}],"predecessor-version":[{"id":551,"href":"https:\/\/www.cac-partners.com\/index.php\/wp-json\/wp\/v2\/pages\/238\/revisions\/551"}],"wp:attachment":[{"href":"https:\/\/www.cac-partners.com\/index.php\/wp-json\/wp\/v2\/media?parent=238"}],"curies":[{"name":"wp","href":"https:\/\/api.w.org\/{rel}","templated":true}]}}