{"id":235,"date":"2022-04-30T13:25:36","date_gmt":"2022-04-30T11:25:36","guid":{"rendered":"https:\/\/www.cac-partners.com\/?page_id=235"},"modified":"2022-04-30T13:25:36","modified_gmt":"2022-04-30T11:25:36","slug":"juridique-et-fiscal","status":"publish","type":"page","link":"https:\/\/www.cac-partners.com\/index.php\/juridique-et-fiscal\/","title":{"rendered":"Juridique et fiscal"},"content":{"rendered":"\n<ul class=\"wp-block-list\"><li>Fiscalit\u00e9 des entreprises incluant Prix de Transfert, Douanes, Taxes locales<\/li><li>Fiscalit\u00e9 internationale et assistance aux expatri\u00e9s<\/li><li>Revue, optimisation et montages fiscaux<\/li><li>Reporting Fiscal<\/li><li>Assistance au contr\u00f4le fiscal<\/li><li>Cat\u00e9gorisation fiscale et douani\u00e8re<\/li><li>Droit de travail<\/li><li>Droit commercial et droit des soci\u00e9t\u00e9s<\/li><li>Etablissement et revue des contrats<\/li><li>Contentieux de la vie des affaires<\/li><li>Travaux juridiques ( constitution et dissolution de soci\u00e9t\u00e9s, secr\u00e9tariat juridique, modifications statutaires)<\/li><\/ul>\n","protected":false},"excerpt":{"rendered":"<p>Fiscalit\u00e9 des entreprises incluant Prix de Transfert, Douanes, Taxes locales Fiscalit\u00e9 internationale et assistance aux expatri\u00e9s Revue, optimisation et montages fiscaux Reporting Fiscal Assistance au contr\u00f4le fiscal Cat\u00e9gorisation fiscale et douani\u00e8re Droit de travail Droit commercial et droit des soci\u00e9t\u00e9s Etablissement et revue des contrats Contentieux de la vie des &hellip; <\/p>\n","protected":false},"author":1,"featured_media":0,"parent":0,"menu_order":0,"comment_status":"closed","ping_status":"closed","template":"","meta":{"footnotes":""},"class_list":["post-235","page","type-page","status-publish","hentry","latest_post"],"_links":{"self":[{"href":"https:\/\/www.cac-partners.com\/index.php\/wp-json\/wp\/v2\/pages\/235","targetHints":{"allow":["GET"]}}],"collection":[{"href":"https:\/\/www.cac-partners.com\/index.php\/wp-json\/wp\/v2\/pages"}],"about":[{"href":"https:\/\/www.cac-partners.com\/index.php\/wp-json\/wp\/v2\/types\/page"}],"author":[{"embeddable":true,"href":"https:\/\/www.cac-partners.com\/index.php\/wp-json\/wp\/v2\/users\/1"}],"replies":[{"embeddable":true,"href":"https:\/\/www.cac-partners.com\/index.php\/wp-json\/wp\/v2\/comments?post=235"}],"version-history":[{"count":1,"href":"https:\/\/www.cac-partners.com\/index.php\/wp-json\/wp\/v2\/pages\/235\/revisions"}],"predecessor-version":[{"id":236,"href":"https:\/\/www.cac-partners.com\/index.php\/wp-json\/wp\/v2\/pages\/235\/revisions\/236"}],"wp:attachment":[{"href":"https:\/\/www.cac-partners.com\/index.php\/wp-json\/wp\/v2\/media?parent=235"}],"curies":[{"name":"wp","href":"https:\/\/api.w.org\/{rel}","templated":true}]}}